{"id":7126,"date":"2023-05-11T07:07:50","date_gmt":"2023-05-11T07:07:50","guid":{"rendered":"https:\/\/alianzahispanica.es\/?page_id=7126"},"modified":"2023-05-11T07:07:50","modified_gmt":"2023-05-11T07:07:50","slug":"festival-rubens-homenaje-a-teresa-berganza","status":"publish","type":"page","link":"https:\/\/alianzahispanica.es\/index.php\/festival-rubens-homenaje-a-teresa-berganza\/","title":{"rendered":"Festival Rubens Homenaje a Teresa Berganza"},"content":{"rendered":"\n<p>Eduardo J\u00e1udenes de Salazar (CEO de MUSICAS)<\/p>\n\n\n\n<figure class=\"wp-block-image size-large\"><img loading=\"lazy\" width=\"189\" height=\"267\" src=\"https:\/\/alianzahispanica.es\/wp-content\/uploads\/2023\/05\/JPG1-7.jpg\" alt=\"\" class=\"wp-image-7125\"\/><\/figure>\n\n\n\n<p>El recital del Festival Rubens Homenaje a Teresa Berganza con la mezzosoprano Carol Garc\u00eda fue de asistencia obligada para todos los amantes de la m\u00fasica.<\/p>\n\n\n\n<p>Carol Garc\u00eda, es una artista preparada, con calidades extraordinarias, luciendo primorosa y riqu\u00edsima t\u00e9cnica, plural variedad de matices y personalidad arrolladora.<\/p>\n\n\n\n<p>Abordando detalles que avalan su clase. Libertades en el uso de la forma y el color que se integran perfectamente en el conjunto.<\/p>\n\n\n\n<p>Due\u00f1a del color en los fragmentos m\u00e1s sutiles y delicados, as\u00ed como en los bellos y poderosos.<\/p>\n\n\n\n<p>Las obras que compusieron el concierto, divididas en tres partes: canci\u00f3n espa\u00f1ola, \u00f3pera y zarzuela permitieron lucirse a la artista adecuadamente con su gran calidad.<\/p>\n\n\n\n<p>Da gusto escuchar a Carol Garc\u00eda. Hace disfrutar mucho al p\u00fablico oy\u00e9ndola cantar, de muy amplio caudal, agradable y afectiva, extensa y bien proyectada, arriba en un agudo amplio y timbrado, exquisito.<\/p>\n\n\n\n<p>Consigue un equilibrio perfecto entre los agudos amplios y timbrados, centro henchido y graves naturales, bien proyectados. Caracter\u00edstica esta que hace no cansarnos nunca de escucharla.<\/p>\n\n\n\n<p>De timbre cremoso y perfumado, de ins\u00f3lita igualdad de registros, de f\u00e1cil y sonoro agudo, centro lleno y graves naturales y bien proyectados.<\/p>\n\n\n\n<p>T\u00e9cnica s\u00f3lida trabajada que le proporcionan una c\u00f3moda y desahogada emisi\u00f3n, un fraseo de rara naturalidad y de clara y elegante configuraci\u00f3n, aspectos favorecidos por su aplicaci\u00f3n y sus dotes de natura.<\/p>\n\n\n\n<p>Mezzosoprano con hechura, firme, de escuela depurada y muy franca, y directa presencia f\u00edsica y vocal, l\u00edrica robusta y vigorosa.<\/p>\n\n\n\n<p>No podemos olvidar al pianista Ram\u00f3n Grau demostrando que el acto de tocar el piano es un gesto muscular intencionado capaz de crear emoci\u00f3n<\/p>\n\n\n\n<p>Mereci\u00f3 la pena, sin lugar a dudas, montar, escuchar y ver este concierto.<\/p>\n\n\n\n<p>Una forma diferente, mucho m\u00e1s cercana de asister a un acto musical, con escelente acustica de la sala de la Fundaci\u00f3n Carlos de Amberes, da la sensaci\u00f3n, por la cercan\u00eda de los int\u00e9rpretes, que estamos en casa.<\/p>\n\n\n\n<p>Quedan dos conciertos:<\/p>\n\n\n\n<p>LUXEMBURGO AL PIANO JUAN MULLER<\/p>\n\n\n\n<p>Dia 25 de mayo 2023 a las 20:00 h.<\/p>\n\n\n\n<p>Fundaci\u00f3n Carlos de Amberes<\/p>\n\n\n\n<p>Calle de Claudio Coello, 99 28006, Madrid<\/p>\n\n\n\n<p>Juan Muller, pianista de Luxemburgo, aclamado como un gran instrumentista, interpretar\u00e1 obras de Beethover, Chopin, Liszt asi como compositores contempor\u00e1neos como el belga Marcel Cominotto y el Luxembuerges Ivan Boumans.<\/p>\n\n\n\n<p>LA CASTAFIORE O EL RUISE\u00d1OR MILAN\u00c9S.<\/p>\n\n\n\n<p>D\u00eda 15 de junio 2023 a las 20:00 h.<\/p>\n\n\n\n<p>Fundaci\u00f3n Carlos de Amberes<\/p>\n\n\n\n<p>Calle de Claudio Coello, 99 28006, Madrid<\/p>\n\n\n\n<p>La soprano Elena Sancho de la mano del pianista Jorge Robaina, se enfunda en el personaje de la ic\u00f3nica cantante de \u00f3pera de la obra de Herg\u00e9, la Castafiore, para hacer un recorrido por las referencias musicales que aparecen en las aventuras de Tit\u00edn.<\/p>\n\n\n\n<p>Unos conciertos que no te puedes perder bajo ning\u00fan concepto.<\/p>\n\n\n\n<p><strong><span class=\"has-inline-color has-accent-color\">Mas reportajes, criticas y rese\u00f1as en<\/span><\/strong><\/p>\n\n\n\n<figure class=\"wp-block-image\" id=\"block-77160348-1399-4d75-be10-376cc65d6ae0\"><img src=\"https:\/\/alianzahispanica.es\/wp-content\/uploads\/2020\/11\/W.PIE-ARTEDEI.jpg\" alt=\"La imagen tiene un atributo ALT vac\u00edo; su nombre de archivo es W.PIE-ARTEDEI.jpg\"\/><figcaption><a href=\"https:\/\/alianzahispanica.es\/index.php\/artedei\/\">ARTEDEI<\/a><\/figcaption><\/figure>\n\n\n\n<figure class=\"wp-block-image\" id=\"block-460cdcb7-71e2-4a02-8677-40f650642e53\"><img src=\"https:\/\/alianzahispanica.es\/wp-content\/uploads\/2020\/11\/W.PIE-ESCENA.jpg\" alt=\"La imagen tiene un atributo ALT vac\u00edo; su nombre de archivo es W.PIE-ESCENA.jpg\"\/><figcaption><a href=\"https:\/\/alianzahispanica.es\/index.php\/246-2\/\">ESCENADEI<\/a><\/figcaption><\/figure>\n\n\n\n<figure class=\"wp-block-image\" id=\"block-fa7c539e-e7d5-4066-a3b8-231e028bb96f\"><img src=\"https:\/\/alianzahispanica.es\/wp-content\/uploads\/2020\/11\/W.PIE-LIBRODEI.jpg\" alt=\"La imagen tiene un atributo ALT vac\u00edo; su nombre de archivo es W.PIE-LIBRODEI.jpg\"\/><figcaption><a href=\"https:\/\/alianzahispanica.es\/index.php\/130-2\/\">LIBRODEI<\/a><\/figcaption><\/figure>\n\n\n\n<figure class=\"wp-block-image\" id=\"block-cd582a4d-cba7-4aea-a8ad-e2db0ab95c5b\"><img src=\"https:\/\/alianzahispanica.es\/wp-content\/uploads\/2020\/11\/W.PIE-MUSICAS.jpg\" alt=\"La imagen tiene un atributo ALT vac\u00edo; su nombre de archivo es W.PIE-MUSICAS.jpg\"\/><figcaption><a href=\"https:\/\/alianzahispanica.es\/index.php\/musicas\/\">MUSICADEI<\/a><\/figcaption><\/figure>\n\n\n\n<figure class=\"wp-block-image\" id=\"block-301f8014-1a87-4519-8a03-2c4ee0bc22e2\"><img src=\"https:\/\/alianzahispanica.es\/wp-content\/uploads\/2020\/11\/W.PIE-SYBARIS.jpg\" alt=\"La imagen tiene un atributo ALT vac\u00edo; su nombre de archivo es W.PIE-SYBARIS.jpg\"\/><figcaption><a href=\"https:\/\/alianzahispanica.es\/index.php\/sybaris\/\">SYBARIDEI<\/a><\/figcaption><\/figure>\n\n\n\n<figure class=\"wp-block-image\" id=\"block-01d130f7-8941-4b48-8d23-3431eca4eed4\"><img src=\"https:\/\/alianzahispanica.es\/wp-content\/uploads\/2020\/11\/W.PIE-VIAJESNEWS.jpg\" alt=\"La imagen tiene un atributo ALT vac\u00edo; su nombre de archivo es W.PIE-VIAJESNEWS.jpg\"\/><figcaption><a href=\"https:\/\/alianzahispanica.es\/index.php\/viajesnews\/\">VIAJESNEWS<\/a><\/figcaption><\/figure>\n\n\n\n<figure class=\"wp-block-image\" id=\"block-c3d34821-4932-46e4-8dd8-5cea01d64eae\"><img src=\"https:\/\/alianzahispanica.es\/wp-content\/uploads\/2020\/11\/W.PIE-NEWSDEI.jpg\" alt=\"La imagen tiene un atributo ALT vac\u00edo; su nombre de archivo es W.PIE-NEWSDEI.jpg\"\/><figcaption><a href=\"https:\/\/alianzahispanica.es\/index.php\/newsdei\/\">NEWSDEI<\/a><\/figcaption><\/figure>\n\n\n\n<figure class=\"wp-block-image\"><img loading=\"lazy\" width=\"334\" height=\"151\" src=\"https:\/\/alianzahispanica.es\/wp-content\/uploads\/2020\/11\/W.PIE-CREACION.jpg\" alt=\"\" class=\"wp-image-408\" srcset=\"https:\/\/alianzahispanica.es\/wp-content\/uploads\/2020\/11\/W.PIE-CREACION.jpg 334w, https:\/\/alianzahispanica.es\/wp-content\/uploads\/2020\/11\/W.PIE-CREACION-300x136.jpg 300w\" sizes=\"(max-width: 334px) 100vw, 334px\" \/><figcaption><a href=\"https:\/\/alianzahispanica.es\/index.php\/creacion\/\">CREACION<\/a><\/figcaption><\/figure>\n\n\n\n<figure class=\"wp-block-image\"><img loading=\"lazy\" width=\"262\" height=\"193\" src=\"https:\/\/alianzahispanica.es\/wp-content\/uploads\/2022\/07\/image001-10.jpg\" alt=\"\" class=\"wp-image-4918\"\/><figcaption><a href=\"https:\/\/alianzahispanica.es\/index.php\/espiral-de-creacion\/\">SALUDEI<\/a><\/figcaption><\/figure>\n\n\n\n<figure class=\"wp-block-image\"><img src=\"https:\/\/alianzahispanica.es\/wp-content\/uploads\/2020\/11\/W.A.EXPRESION-EL-GRITO-MUNCH.jpg\" alt=\"La imagen tiene un atributo ALT vac\u00edo; su nombre de archivo es W.A.EXPRESION-EL-GRITO-MUNCH.jpg\"\/><figcaption><a href=\"https:\/\/alianzahispanica.es\/index.php\/expresion\/\">EDUARDO JAUDENES DE SALAZAR PREGUTA SE EXPRESA\u2026<\/a><\/figcaption><\/figure>\n\n\n\n<figure class=\"wp-block-image\"><img loading=\"lazy\" width=\"307\" height=\"164\" src=\"https:\/\/alianzahispanica.es\/wp-content\/uploads\/2022\/11\/jpg1-7.jpg\" alt=\"\" class=\"wp-image-5855\" srcset=\"https:\/\/alianzahispanica.es\/wp-content\/uploads\/2022\/11\/jpg1-7.jpg 307w, https:\/\/alianzahispanica.es\/wp-content\/uploads\/2022\/11\/jpg1-7-300x160.jpg 300w\" sizes=\"(max-width: 307px) 100vw, 307px\" \/><figcaption><a href=\"https:\/\/alianzahispanica.es\/index.php\/medioambiente\/\">TECNODEI<\/a><\/figcaption><\/figure>\n","protected":false},"excerpt":{"rendered":"<p>Eduardo J\u00e1udenes de Salazar (CEO de MUSICAS) El recital del Festival Rubens Homenaje a Teresa Berganza con la mezzosoprano Carol Garc\u00eda fue de asistencia obligada para todos los amantes de la m\u00fasica. Carol Garc\u00eda, es una artista preparada, con calidades extraordinarias, luciendo primorosa y riqu\u00edsima t\u00e9cnica, plural variedad de matices y personalidad arrolladora. Abordando detalles [&hellip;]<\/p>\n","protected":false},"author":1,"featured_media":0,"parent":0,"menu_order":0,"comment_status":"closed","ping_status":"closed","template":"","meta":[],"_links":{"self":[{"href":"https:\/\/alianzahispanica.es\/index.php\/wp-json\/wp\/v2\/pages\/7126"}],"collection":[{"href":"https:\/\/alianzahispanica.es\/index.php\/wp-json\/wp\/v2\/pages"}],"about":[{"href":"https:\/\/alianzahispanica.es\/index.php\/wp-json\/wp\/v2\/types\/page"}],"author":[{"embeddable":true,"href":"https:\/\/alianzahispanica.es\/index.php\/wp-json\/wp\/v2\/users\/1"}],"replies":[{"embeddable":true,"href":"https:\/\/alianzahispanica.es\/index.php\/wp-json\/wp\/v2\/comments?post=7126"}],"version-history":[{"count":1,"href":"https:\/\/alianzahispanica.es\/index.php\/wp-json\/wp\/v2\/pages\/7126\/revisions"}],"predecessor-version":[{"id":7127,"href":"https:\/\/alianzahispanica.es\/index.php\/wp-json\/wp\/v2\/pages\/7126\/revisions\/7127"}],"wp:attachment":[{"href":"https:\/\/alianzahispanica.es\/index.php\/wp-json\/wp\/v2\/media?parent=7126"}],"curies":[{"name":"wp","href":"https:\/\/api.w.org\/{rel}","templated":true}]}}

<p>Eduardo Jáudenes de Salazar (CEO de MUSICAS)</p>



<figure class="wp-block-image size-large"><img loading="lazy" width="189" height="267" src="https://alianzahispanica.es/wp-content/uploads/2023/05/JPG1-7.jpg" alt="" class="wp-image-7125"/></figure>



<p>El recital del Festival Rubens Homenaje a Teresa Berganza con la mezzosoprano Carol García fue de asistencia obligada para todos los amantes de la música.</p>



<p>Carol García, es una artista preparada, con calidades extraordinarias, luciendo primorosa y riquísima técnica, plural variedad de matices y personalidad arrolladora.</p>



<p>Abordando detalles que avalan su clase. Libertades en el uso de la forma y el color que se integran perfectamente en el conjunto.</p>



<p>Dueña del color en los fragmentos más sutiles y delicados, así como en los bellos y poderosos.</p>



<p>Las obras que compusieron el concierto, divididas en tres partes: canción española, ópera y zarzuela permitieron lucirse a la artista adecuadamente con su gran calidad.</p>



<p>Da gusto escuchar a Carol García. Hace disfrutar mucho al público oyéndola cantar, de muy amplio caudal, agradable y afectiva, extensa y bien proyectada, arriba en un agudo amplio y timbrado, exquisito.</p>



<p>Consigue un equilibrio perfecto entre los agudos amplios y timbrados, centro henchido y graves naturales, bien proyectados. Característica esta que hace no cansarnos nunca de escucharla.</p>



<p>De timbre cremoso y perfumado, de insólita igualdad de registros, de fácil y sonoro agudo, centro lleno y graves naturales y bien proyectados.</p>



<p>Técnica sólida trabajada que le proporcionan una cómoda y desahogada emisión, un fraseo de rara naturalidad y de clara y elegante configuración, aspectos favorecidos por su aplicación y sus dotes de natura.</p>



<p>Mezzosoprano con hechura, firme, de escuela depurada y muy franca, y directa presencia física y vocal, lírica robusta y vigorosa.</p>



<p>No podemos olvidar al pianista Ramón Grau demostrando que el acto de tocar el piano es un gesto muscular intencionado capaz de crear emoción</p>



<p>Mereció la pena, sin lugar a dudas, montar, escuchar y ver este concierto.</p>



<p>Una forma diferente, mucho más cercana de asister a un acto musical, con escelente acustica de la sala de la Fundación Carlos de Amberes, da la sensación, por la cercanía de los intérpretes, que estamos en casa.</p>



<p>Quedan dos conciertos:</p>



<p>LUXEMBURGO AL PIANO JUAN MULLER</p>



<p>Dia 25 de mayo 2023 a las 20:00 h.</p>



<p>Fundación Carlos de Amberes</p>



<p>Calle de Claudio Coello, 99 28006, Madrid</p>



<p>Juan Muller, pianista de Luxemburgo, aclamado como un gran instrumentista, interpretará obras de Beethover, Chopin, Liszt asi como compositores contemporáneos como el belga Marcel Cominotto y el Luxembuerges Ivan Boumans.</p>



<p>LA CASTAFIORE O EL RUISEÑOR MILANÉS.</p>



<p>Día 15 de junio 2023 a las 20:00 h.</p>



<p>Fundación Carlos de Amberes</p>



<p>Calle de Claudio Coello, 99 28006, Madrid</p>



<p>La soprano Elena Sancho de la mano del pianista Jorge Robaina, se enfunda en el personaje de la icónica cantante de ópera de la obra de Hergé, la Castafiore, para hacer un recorrido por las referencias musicales que aparecen en las aventuras de Titín.</p>



<p>Unos conciertos que no te puedes perder bajo ningún concepto.</p>



<p><strong><span class="has-inline-color has-accent-color">Mas reportajes, criticas y reseñas en</span></strong></p>



<figure class="wp-block-image" id="block-77160348-1399-4d75-be10-376cc65d6ae0"><img src="https://alianzahispanica.es/wp-content/uploads/2020/11/W.PIE-ARTEDEI.jpg" alt="La imagen tiene un atributo ALT vacío; su nombre de archivo es W.PIE-ARTEDEI.jpg"/><figcaption><a href="https://alianzahispanica.es/index.php/artedei/">ARTEDEI</a></figcaption></figure>



<figure class="wp-block-image" id="block-460cdcb7-71e2-4a02-8677-40f650642e53"><img src="https://alianzahispanica.es/wp-content/uploads/2020/11/W.PIE-ESCENA.jpg" alt="La imagen tiene un atributo ALT vacío; su nombre de archivo es W.PIE-ESCENA.jpg"/><figcaption><a href="https://alianzahispanica.es/index.php/246-2/">ESCENADEI</a></figcaption></figure>



<figure class="wp-block-image" id="block-fa7c539e-e7d5-4066-a3b8-231e028bb96f"><img src="https://alianzahispanica.es/wp-content/uploads/2020/11/W.PIE-LIBRODEI.jpg" alt="La imagen tiene un atributo ALT vacío; su nombre de archivo es W.PIE-LIBRODEI.jpg"/><figcaption><a href="https://alianzahispanica.es/index.php/130-2/">LIBRODEI</a></figcaption></figure>



<figure class="wp-block-image" id="block-cd582a4d-cba7-4aea-a8ad-e2db0ab95c5b"><img src="https://alianzahispanica.es/wp-content/uploads/2020/11/W.PIE-MUSICAS.jpg" alt="La imagen tiene un atributo ALT vacío; su nombre de archivo es W.PIE-MUSICAS.jpg"/><figcaption><a href="https://alianzahispanica.es/index.php/musicas/">MUSICADEI</a></figcaption></figure>



<figure class="wp-block-image" id="block-301f8014-1a87-4519-8a03-2c4ee0bc22e2"><img src="https://alianzahispanica.es/wp-content/uploads/2020/11/W.PIE-SYBARIS.jpg" alt="La imagen tiene un atributo ALT vacío; su nombre de archivo es W.PIE-SYBARIS.jpg"/><figcaption><a href="https://alianzahispanica.es/index.php/sybaris/">SYBARIDEI</a></figcaption></figure>



<figure class="wp-block-image" id="block-01d130f7-8941-4b48-8d23-3431eca4eed4"><img src="https://alianzahispanica.es/wp-content/uploads/2020/11/W.PIE-VIAJESNEWS.jpg" alt="La imagen tiene un atributo ALT vacío; su nombre de archivo es W.PIE-VIAJESNEWS.jpg"/><figcaption><a href="https://alianzahispanica.es/index.php/viajesnews/">VIAJESNEWS</a></figcaption></figure>



<figure class="wp-block-image" id="block-c3d34821-4932-46e4-8dd8-5cea01d64eae"><img src="https://alianzahispanica.es/wp-content/uploads/2020/11/W.PIE-NEWSDEI.jpg" alt="La imagen tiene un atributo ALT vacío; su nombre de archivo es W.PIE-NEWSDEI.jpg"/><figcaption><a href="https://alianzahispanica.es/index.php/newsdei/">NEWSDEI</a></figcaption></figure>



<figure class="wp-block-image"><img loading="lazy" width="334" height="151" src="https://alianzahispanica.es/wp-content/uploads/2020/11/W.PIE-CREACION.jpg" alt="" class="wp-image-408" srcset="https://alianzahispanica.es/wp-content/uploads/2020/11/W.PIE-CREACION.jpg 334w, https://alianzahispanica.es/wp-content/uploads/2020/11/W.PIE-CREACION-300x136.jpg 300w" sizes="(max-width: 334px) 100vw, 334px" /><figcaption><a href="https://alianzahispanica.es/index.php/creacion/">CREACION</a></figcaption></figure>



<figure class="wp-block-image"><img loading="lazy" width="262" height="193" src="https://alianzahispanica.es/wp-content/uploads/2022/07/image001-10.jpg" alt="" class="wp-image-4918"/><figcaption><a href="https://alianzahispanica.es/index.php/espiral-de-creacion/">SALUDEI</a></figcaption></figure>



<figure class="wp-block-image"><img src="https://alianzahispanica.es/wp-content/uploads/2020/11/W.A.EXPRESION-EL-GRITO-MUNCH.jpg" alt="La imagen tiene un atributo ALT vacío; su nombre de archivo es W.A.EXPRESION-EL-GRITO-MUNCH.jpg"/><figcaption><a href="https://alianzahispanica.es/index.php/expresion/">EDUARDO JAUDENES DE SALAZAR PREGUTA SE EXPRESA…</a></figcaption></figure>



<figure class="wp-block-image"><img loading="lazy" width="307" height="164" src="https://alianzahispanica.es/wp-content/uploads/2022/11/jpg1-7.jpg" alt="" class="wp-image-5855" srcset="https://alianzahispanica.es/wp-content/uploads/2022/11/jpg1-7.jpg 307w, https://alianzahispanica.es/wp-content/uploads/2022/11/jpg1-7-300x160.jpg 300w" sizes="(max-width: 307px) 100vw, 307px" /><figcaption><a href="https://alianzahispanica.es/index.php/medioambiente/">TECNODEI</a></figcaption></figure>

<p>Eduardo Jáudenes de Salazar (CEO de MUSICAS) El recital del Festival Rubens Homenaje a Teresa Berganza con la mezzosoprano Carol García fue de asistencia obligada para todos los amantes de la música. Carol García, es una artista preparada, con calidades extraordinarias, luciendo primorosa y riquísima técnica, plural variedad de matices y personalidad arrolladora. Abordando detalles [&hellip;]</p>
