{"id":10282,"date":"2024-07-23T11:13:29","date_gmt":"2024-07-23T11:13:29","guid":{"rendered":"https:\/\/alianzahispanica.es\/?page_id=10282"},"modified":"2024-07-23T11:13:29","modified_gmt":"2024-07-23T11:13:29","slug":"el-coran","status":"publish","type":"page","link":"https:\/\/alianzahispanica.es\/index.php\/el-coran\/","title":{"rendered":"EL CORAN"},"content":{"rendered":"\n<p>Eduardo J\u00e1udenes de Salazar (CEO de LIBRODEI)<\/p>\n\n\n\n<figure class=\"wp-block-image size-large\"><img loading=\"lazy\" width=\"225\" height=\"225\" src=\"https:\/\/alianzahispanica.es\/wp-content\/uploads\/2024\/07\/image002-15.jpg\" alt=\"\" class=\"wp-image-10281\" srcset=\"https:\/\/alianzahispanica.es\/wp-content\/uploads\/2024\/07\/image002-15.jpg 225w, https:\/\/alianzahispanica.es\/wp-content\/uploads\/2024\/07\/image002-15-150x150.jpg 150w\" sizes=\"(max-width: 225px) 100vw, 225px\" \/><\/figure>\n\n\n\n<p>Se trata de una traducci\u00f3n en espa\u00f1ol directamente del \u00e1rabe, y el primer \u201cCor\u00e1n\u201d editado en C\u00f3rdoba en 1000 a\u00f1os, recuperado por Almuzara<\/p>\n\n\n\n<p>\u201cEl Cor\u00e1n\u201d, libro de referencia para los musulmanes y una de las joyas de la literatura universal, es el t\u00edtulo de la novedad editorial que acaba de publicar la editorial Almuzara.<\/p>\n\n\n\n<p>Se trata de una obra traducida al espa\u00f1ol, directamente del \u00e1rabe manteniendo la literalidad y, a la vez, la po\u00e9tica, gracias al colosal trabajo de Antonio de Diego, quien ha logrado con esta obra fundir el mundo tradicional y el contempor\u00e1neo, usando un espa\u00f1ol rico en matices y conectado con la herencia andalus\u00ed.<\/p>\n\n\n\n<p>Esta nueva edici\u00f3n, la primera editada en la ciudad de C\u00f3rdoba en 1000 a\u00f1os, cuenta con una exhaustiva introducci\u00f3n cr\u00edtica, glosario y un estudio bibliogr\u00e1fico para entender mejor su contenido.<\/p>\n\n\n\n<p>El texto est\u00e1 traducido de forma rigurosa a la luz de los comentarios cor\u00e1nicos cl\u00e1sicos y transmite fielmente el pensamiento isl\u00e1mico, tratando con el mayor respeto y m\u00e1xima fidelidad el texto original, as\u00ed como su literalidad en todos sus ricos y particulares matices. El traductor se sit\u00faa en la perspectiva arraigada en la tradici\u00f3n \u201cislamicate\u201d, dando un valor central a la po\u00e9tica, que reafirma la herencia isl\u00e1mica hispanohablante, al combinar el espa\u00f1ol contempor\u00e1neo con la incorporaci\u00f3n de terminolog\u00eda \u00e1rabe, legada por los moriscos, dentro de nuestro idioma.<\/p>\n\n\n\n<p>Tras convertirse al islam en 2012, Antonio de Diego comenz\u00f3 a estudiar el Cor\u00e1n y fruto de sus viajes e investigaciones por todo el mundo isl\u00e1mico ha surgido esta encomiable empresa, que tiene el privilegio de compartir, junto a los indios y moriscos, el poder transmitir este legado a la manera tradicional, es decir directamente del \u00e1rabe al espa\u00f1ol sin pasar por otra lengua intermedia.<\/p>\n\n\n\n<p>\u201cEsta edici\u00f3n acerca esta inmortal obra al p\u00fablico hispanohablante contempor\u00e1neo y ofrece la po\u00e9tica, el ritmo y los s\u00edmbolos del Cor\u00e1n original. Una experiencia bella, compleja y desgarradora\u201d, comenta el traductor quien, igualmente, ve necesaria su lectura para comprender el esp\u00edritu de una de las religiones clave en la historia de la humanidad.<\/p>\n\n\n\n<p>El Cor\u00e1n es el libro sagrado de m\u00e1s de mil quinientos millones de musulmanes y la obra m\u00e1s importante de la literatura \u00e1rabe. Un s\u00edmbolo vivo, universal, que contiene el mensaje revelado al profeta Muhammad para toda la humanidad<\/p>\n\n\n\n<p>El Cor\u00e1n es un libro de adquisici\u00f3n obligada para todos los amantes del saber<\/p>\n\n\n\n<p>Muy bien ideado, documentado y escrito por Antonio de Diego Gonz\u00e1lez es Profesor de Historia de la Filosof\u00eda en la Universidad de M\u00e1laga, Doctor en Filosof\u00eda por la Universidad de Sevilla y autor de m\u00e1s de medio centenar de publicaciones acad\u00e9micas. Con Almuzara ha publicado \u201cSufismo Negro\u201d y \u201cPopulismo Isl\u00e1mico\u201d.<\/p>\n\n\n\n<p>Impecablemente editado por ALMUZARA<\/p>\n\n\n\n<p>Mereci\u00f3 la pena, sin lugar a dudas, editar y leer este libro.<\/p>\n\n\n\n<p>No puede faltar en ninguna biblioteca que se precie.<\/p>\n\n\n\n<p id=\"block-54c9c58b-139f-451a-af86-c33c1d0ca16d\"><strong><span class=\"has-inline-color has-accent-color\">Mas reportajes, criticas y rese\u00f1as en<\/span><\/strong><\/p>\n\n\n\n<figure class=\"wp-block-image\" id=\"block-5683cbfb-c068-4026-b37b-b6b7f9833161\"><img src=\"https:\/\/alianzahispanica.es\/wp-content\/uploads\/2020\/11\/W.PIE-ARTEDEI.jpg\" alt=\"La imagen tiene un atributo ALT vac\u00edo; su nombre de archivo es W.PIE-ARTEDEI.jpg\"\/><figcaption><a href=\"https:\/\/alianzahispanica.es\/index.php\/artedei\/\">ARTEDEI<\/a><\/figcaption><\/figure>\n\n\n\n<figure class=\"wp-block-image\" id=\"block-b1699e80-805a-400c-a98a-f716c92f61d0\"><img src=\"https:\/\/alianzahispanica.es\/wp-content\/uploads\/2020\/11\/W.PIE-ESCENA.jpg\" alt=\"La imagen tiene un atributo ALT vac\u00edo; su nombre de archivo es W.PIE-ESCENA.jpg\"\/><figcaption><a href=\"https:\/\/alianzahispanica.es\/index.php\/246-2\/\">ESCENADEI<\/a><\/figcaption><\/figure>\n\n\n\n<figure class=\"wp-block-image\" id=\"block-1138abff-3cc1-4e6b-bb79-1ddbe0e50ee1\"><img src=\"https:\/\/alianzahispanica.es\/wp-content\/uploads\/2020\/11\/W.PIE-LIBRODEI.jpg\" alt=\"La imagen tiene un atributo ALT vac\u00edo; su nombre de archivo es W.PIE-LIBRODEI.jpg\"\/><figcaption><a href=\"https:\/\/alianzahispanica.es\/index.php\/130-2\/\">LIBRODEI<\/a><\/figcaption><\/figure>\n\n\n\n<figure class=\"wp-block-image\" id=\"block-41952712-da8f-46e7-988e-497ea951e96e\"><img src=\"https:\/\/alianzahispanica.es\/wp-content\/uploads\/2020\/11\/W.PIE-MUSICAS.jpg\" alt=\"La imagen tiene un atributo ALT vac\u00edo; su nombre de archivo es W.PIE-MUSICAS.jpg\"\/><figcaption><a href=\"https:\/\/alianzahispanica.es\/index.php\/musicas\/\">MUSIKDEI<\/a><\/figcaption><\/figure>\n\n\n\n<figure class=\"wp-block-image\" id=\"block-ea0ecd5f-1a50-481b-83bd-4712170b161d\"><img src=\"https:\/\/alianzahispanica.es\/wp-content\/uploads\/2020\/11\/W.PIE-SYBARIS.jpg\" alt=\"La imagen tiene un atributo ALT vac\u00edo; su nombre de archivo es W.PIE-SYBARIS.jpg\"\/><figcaption><a href=\"https:\/\/alianzahispanica.es\/index.php\/sybaris\/\">SYBARSIDEI<\/a><\/figcaption><\/figure>\n\n\n\n<figure class=\"wp-block-image\" id=\"block-2b8f3db0-999e-46a8-9277-f9c5399fd0bf\"><img src=\"https:\/\/alianzahispanica.es\/wp-content\/uploads\/2024\/03\/34-1.jpg\" alt=\"La imagen tiene un atributo ALT vac\u00edo; su nombre de archivo es 34-1.jpg\"\/><figcaption><code><a href=\"https:\/\/alianzahispanica.es\/index.php\/viaje-sibarita\/\"><span class=\"has-inline-color has-accent-color\">ARCHYSIBARITA<\/span><\/a><\/code><\/figcaption><\/figure>\n\n\n\n<figure class=\"wp-block-image\" id=\"block-dd549386-e2f8-42f6-a059-cb448abb7b1f\"><img src=\"https:\/\/alianzahispanica.es\/wp-content\/uploads\/2020\/11\/W.PIE-VIAJESNEWS.jpg\" alt=\"La imagen tiene un atributo ALT vac\u00edo; su nombre de archivo es W.PIE-VIAJESNEWS.jpg\"\/><figcaption><a href=\"https:\/\/alianzahispanica.es\/index.php\/viajesnews\/\">VIAJESNEWS<\/a><\/figcaption><\/figure>\n\n\n\n<figure class=\"wp-block-image\" id=\"block-6fba1448-0d6a-4d1c-8528-72fca371a2aa\"><img src=\"https:\/\/alianzahispanica.es\/wp-content\/uploads\/2020\/11\/W.PIE-NEWSDEI.jpg\" alt=\"La imagen tiene un atributo ALT vac\u00edo; su nombre de archivo es W.PIE-NEWSDEI.jpg\"\/><figcaption><a href=\"https:\/\/alianzahispanica.es\/index.php\/newsdei\/\">DIARIONEWS<\/a><\/figcaption><\/figure>\n\n\n\n<figure class=\"wp-block-image\" id=\"block-d9cd3825-0b5b-492a-a60a-27d886b89c30\"><img src=\"https:\/\/alianzahispanica.es\/wp-content\/uploads\/2020\/11\/W.PIE-CREACION.jpg\" alt=\"La imagen tiene un atributo ALT vac\u00edo; su nombre de archivo es W.PIE-CREACION.jpg\"\/><figcaption><a href=\"https:\/\/alianzahispanica.es\/index.php\/creacion\/\">CREARTE<\/a><\/figcaption><\/figure>\n\n\n\n<figure class=\"wp-block-image\" id=\"block-9b495609-edbc-4b42-bf46-c2799e213f98\"><img src=\"https:\/\/alianzahispanica.es\/wp-content\/uploads\/2022\/07\/image001-10.jpg\" alt=\"La imagen tiene un atributo ALT vac\u00edo; su nombre de archivo es image001-10.jpg\"\/><figcaption><a href=\"https:\/\/alianzahispanica.es\/index.php\/espiral-de-creacion\/\">SALUDEI<\/a><\/figcaption><\/figure>\n\n\n\n<figure class=\"wp-block-image\" id=\"block-376f1664-31d9-4e97-a577-effc763d985f\"><img src=\"https:\/\/alianzahispanica.es\/wp-content\/uploads\/2020\/11\/W.A.EXPRESION-EL-GRITO-MUNCH.jpg\" alt=\"La imagen tiene un atributo ALT vac\u00edo; su nombre de archivo es W.A.EXPRESION-EL-GRITO-MUNCH.jpg\"\/><figcaption><a href=\"https:\/\/alianzahispanica.es\/index.php\/expresion\/\">EXPRESARTE\u2026<\/a><\/figcaption><\/figure>\n\n\n\n<figure class=\"wp-block-image\" id=\"block-13b0b508-358e-45e0-9d9c-2bee1d9585fd\"><img src=\"https:\/\/alianzahispanica.es\/wp-content\/uploads\/2022\/11\/jpg1-7.jpg\" alt=\"La imagen tiene un atributo ALT vac\u00edo; su nombre de archivo es jpg1-7.jpg\"\/><figcaption><a href=\"https:\/\/alianzahispanica.es\/index.php\/medioambiente\/\">TECNODEI<\/a><\/figcaption><\/figure>\n","protected":false},"excerpt":{"rendered":"<p>Eduardo J\u00e1udenes de Salazar (CEO de LIBRODEI) Se trata de una traducci\u00f3n en espa\u00f1ol directamente del \u00e1rabe, y el primer \u201cCor\u00e1n\u201d editado en C\u00f3rdoba en 1000 a\u00f1os, recuperado por Almuzara \u201cEl Cor\u00e1n\u201d, libro de referencia para los musulmanes y una de las joyas de la literatura universal, es el t\u00edtulo de la novedad editorial que [&hellip;]<\/p>\n","protected":false},"author":1,"featured_media":0,"parent":0,"menu_order":0,"comment_status":"closed","ping_status":"closed","template":"","meta":[],"_links":{"self":[{"href":"https:\/\/alianzahispanica.es\/index.php\/wp-json\/wp\/v2\/pages\/10282"}],"collection":[{"href":"https:\/\/alianzahispanica.es\/index.php\/wp-json\/wp\/v2\/pages"}],"about":[{"href":"https:\/\/alianzahispanica.es\/index.php\/wp-json\/wp\/v2\/types\/page"}],"author":[{"embeddable":true,"href":"https:\/\/alianzahispanica.es\/index.php\/wp-json\/wp\/v2\/users\/1"}],"replies":[{"embeddable":true,"href":"https:\/\/alianzahispanica.es\/index.php\/wp-json\/wp\/v2\/comments?post=10282"}],"version-history":[{"count":1,"href":"https:\/\/alianzahispanica.es\/index.php\/wp-json\/wp\/v2\/pages\/10282\/revisions"}],"predecessor-version":[{"id":10283,"href":"https:\/\/alianzahispanica.es\/index.php\/wp-json\/wp\/v2\/pages\/10282\/revisions\/10283"}],"wp:attachment":[{"href":"https:\/\/alianzahispanica.es\/index.php\/wp-json\/wp\/v2\/media?parent=10282"}],"curies":[{"name":"wp","href":"https:\/\/api.w.org\/{rel}","templated":true}]}}

<p>Eduardo Jáudenes de Salazar (CEO de LIBRODEI)</p>



<figure class="wp-block-image size-large"><img loading="lazy" width="225" height="225" src="https://alianzahispanica.es/wp-content/uploads/2024/07/image002-15.jpg" alt="" class="wp-image-10281" srcset="https://alianzahispanica.es/wp-content/uploads/2024/07/image002-15.jpg 225w, https://alianzahispanica.es/wp-content/uploads/2024/07/image002-15-150x150.jpg 150w" sizes="(max-width: 225px) 100vw, 225px" /></figure>



<p>Se trata de una traducción en español directamente del árabe, y el primer “Corán” editado en Córdoba en 1000 años, recuperado por Almuzara</p>



<p>“El Corán”, libro de referencia para los musulmanes y una de las joyas de la literatura universal, es el título de la novedad editorial que acaba de publicar la editorial Almuzara.</p>



<p>Se trata de una obra traducida al español, directamente del árabe manteniendo la literalidad y, a la vez, la poética, gracias al colosal trabajo de Antonio de Diego, quien ha logrado con esta obra fundir el mundo tradicional y el contemporáneo, usando un español rico en matices y conectado con la herencia andalusí.</p>



<p>Esta nueva edición, la primera editada en la ciudad de Córdoba en 1000 años, cuenta con una exhaustiva introducción crítica, glosario y un estudio bibliográfico para entender mejor su contenido.</p>



<p>El texto está traducido de forma rigurosa a la luz de los comentarios coránicos clásicos y transmite fielmente el pensamiento islámico, tratando con el mayor respeto y máxima fidelidad el texto original, así como su literalidad en todos sus ricos y particulares matices. El traductor se sitúa en la perspectiva arraigada en la tradición “islamicate”, dando un valor central a la poética, que reafirma la herencia islámica hispanohablante, al combinar el español contemporáneo con la incorporación de terminología árabe, legada por los moriscos, dentro de nuestro idioma.</p>



<p>Tras convertirse al islam en 2012, Antonio de Diego comenzó a estudiar el Corán y fruto de sus viajes e investigaciones por todo el mundo islámico ha surgido esta encomiable empresa, que tiene el privilegio de compartir, junto a los indios y moriscos, el poder transmitir este legado a la manera tradicional, es decir directamente del árabe al español sin pasar por otra lengua intermedia.</p>



<p>“Esta edición acerca esta inmortal obra al público hispanohablante contemporáneo y ofrece la poética, el ritmo y los símbolos del Corán original. Una experiencia bella, compleja y desgarradora”, comenta el traductor quien, igualmente, ve necesaria su lectura para comprender el espíritu de una de las religiones clave en la historia de la humanidad.</p>



<p>El Corán es el libro sagrado de más de mil quinientos millones de musulmanes y la obra más importante de la literatura árabe. Un símbolo vivo, universal, que contiene el mensaje revelado al profeta Muhammad para toda la humanidad</p>



<p>El Corán es un libro de adquisición obligada para todos los amantes del saber</p>



<p>Muy bien ideado, documentado y escrito por Antonio de Diego González es Profesor de Historia de la Filosofía en la Universidad de Málaga, Doctor en Filosofía por la Universidad de Sevilla y autor de más de medio centenar de publicaciones académicas. Con Almuzara ha publicado “Sufismo Negro” y “Populismo Islámico”.</p>



<p>Impecablemente editado por ALMUZARA</p>



<p>Mereció la pena, sin lugar a dudas, editar y leer este libro.</p>



<p>No puede faltar en ninguna biblioteca que se precie.</p>



<p id="block-54c9c58b-139f-451a-af86-c33c1d0ca16d"><strong><span class="has-inline-color has-accent-color">Mas reportajes, criticas y reseñas en</span></strong></p>



<figure class="wp-block-image" id="block-5683cbfb-c068-4026-b37b-b6b7f9833161"><img src="https://alianzahispanica.es/wp-content/uploads/2020/11/W.PIE-ARTEDEI.jpg" alt="La imagen tiene un atributo ALT vacío; su nombre de archivo es W.PIE-ARTEDEI.jpg"/><figcaption><a href="https://alianzahispanica.es/index.php/artedei/">ARTEDEI</a></figcaption></figure>



<figure class="wp-block-image" id="block-b1699e80-805a-400c-a98a-f716c92f61d0"><img src="https://alianzahispanica.es/wp-content/uploads/2020/11/W.PIE-ESCENA.jpg" alt="La imagen tiene un atributo ALT vacío; su nombre de archivo es W.PIE-ESCENA.jpg"/><figcaption><a href="https://alianzahispanica.es/index.php/246-2/">ESCENADEI</a></figcaption></figure>



<figure class="wp-block-image" id="block-1138abff-3cc1-4e6b-bb79-1ddbe0e50ee1"><img src="https://alianzahispanica.es/wp-content/uploads/2020/11/W.PIE-LIBRODEI.jpg" alt="La imagen tiene un atributo ALT vacío; su nombre de archivo es W.PIE-LIBRODEI.jpg"/><figcaption><a href="https://alianzahispanica.es/index.php/130-2/">LIBRODEI</a></figcaption></figure>



<figure class="wp-block-image" id="block-41952712-da8f-46e7-988e-497ea951e96e"><img src="https://alianzahispanica.es/wp-content/uploads/2020/11/W.PIE-MUSICAS.jpg" alt="La imagen tiene un atributo ALT vacío; su nombre de archivo es W.PIE-MUSICAS.jpg"/><figcaption><a href="https://alianzahispanica.es/index.php/musicas/">MUSIKDEI</a></figcaption></figure>



<figure class="wp-block-image" id="block-ea0ecd5f-1a50-481b-83bd-4712170b161d"><img src="https://alianzahispanica.es/wp-content/uploads/2020/11/W.PIE-SYBARIS.jpg" alt="La imagen tiene un atributo ALT vacío; su nombre de archivo es W.PIE-SYBARIS.jpg"/><figcaption><a href="https://alianzahispanica.es/index.php/sybaris/">SYBARSIDEI</a></figcaption></figure>



<figure class="wp-block-image" id="block-2b8f3db0-999e-46a8-9277-f9c5399fd0bf"><img src="https://alianzahispanica.es/wp-content/uploads/2024/03/34-1.jpg" alt="La imagen tiene un atributo ALT vacío; su nombre de archivo es 34-1.jpg"/><figcaption><code><a href="https://alianzahispanica.es/index.php/viaje-sibarita/"><span class="has-inline-color has-accent-color">ARCHYSIBARITA</span></a></code></figcaption></figure>



<figure class="wp-block-image" id="block-dd549386-e2f8-42f6-a059-cb448abb7b1f"><img src="https://alianzahispanica.es/wp-content/uploads/2020/11/W.PIE-VIAJESNEWS.jpg" alt="La imagen tiene un atributo ALT vacío; su nombre de archivo es W.PIE-VIAJESNEWS.jpg"/><figcaption><a href="https://alianzahispanica.es/index.php/viajesnews/">VIAJESNEWS</a></figcaption></figure>



<figure class="wp-block-image" id="block-6fba1448-0d6a-4d1c-8528-72fca371a2aa"><img src="https://alianzahispanica.es/wp-content/uploads/2020/11/W.PIE-NEWSDEI.jpg" alt="La imagen tiene un atributo ALT vacío; su nombre de archivo es W.PIE-NEWSDEI.jpg"/><figcaption><a href="https://alianzahispanica.es/index.php/newsdei/">DIARIONEWS</a></figcaption></figure>



<figure class="wp-block-image" id="block-d9cd3825-0b5b-492a-a60a-27d886b89c30"><img src="https://alianzahispanica.es/wp-content/uploads/2020/11/W.PIE-CREACION.jpg" alt="La imagen tiene un atributo ALT vacío; su nombre de archivo es W.PIE-CREACION.jpg"/><figcaption><a href="https://alianzahispanica.es/index.php/creacion/">CREARTE</a></figcaption></figure>



<figure class="wp-block-image" id="block-9b495609-edbc-4b42-bf46-c2799e213f98"><img src="https://alianzahispanica.es/wp-content/uploads/2022/07/image001-10.jpg" alt="La imagen tiene un atributo ALT vacío; su nombre de archivo es image001-10.jpg"/><figcaption><a href="https://alianzahispanica.es/index.php/espiral-de-creacion/">SALUDEI</a></figcaption></figure>



<figure class="wp-block-image" id="block-376f1664-31d9-4e97-a577-effc763d985f"><img src="https://alianzahispanica.es/wp-content/uploads/2020/11/W.A.EXPRESION-EL-GRITO-MUNCH.jpg" alt="La imagen tiene un atributo ALT vacío; su nombre de archivo es W.A.EXPRESION-EL-GRITO-MUNCH.jpg"/><figcaption><a href="https://alianzahispanica.es/index.php/expresion/">EXPRESARTE…</a></figcaption></figure>



<figure class="wp-block-image" id="block-13b0b508-358e-45e0-9d9c-2bee1d9585fd"><img src="https://alianzahispanica.es/wp-content/uploads/2022/11/jpg1-7.jpg" alt="La imagen tiene un atributo ALT vacío; su nombre de archivo es jpg1-7.jpg"/><figcaption><a href="https://alianzahispanica.es/index.php/medioambiente/">TECNODEI</a></figcaption></figure>

<p>Eduardo Jáudenes de Salazar (CEO de LIBRODEI) Se trata de una traducción en español directamente del árabe, y el primer “Corán” editado en Córdoba en 1000 años, recuperado por Almuzara “El Corán”, libro de referencia para los musulmanes y una de las joyas de la literatura universal, es el título de la novedad editorial que [&hellip;]</p>
